563.
487
What is the remainder when 73946 is divided by 396?
290
What is the remainder when 3991 is divided by 31?
23
Calculate the remainder when 762017 is divided by 28222.
23
Calculate the remainder when 2485202 is divided by 1744.
2
Calculate the remainder when 4188337 is divided by 1541.
1440
What is the remainder when 31016552 is divided by 374?
358
Calculate the remainder when 812827 is divided by 12.
7
Calculate the remainder when 9122357 is divided by 1324.
1321
What is the remainder when 449186 is divided by 5223?
8
What is the remainder when 16904011 is divided by 29?
27
Calculate the remainder when 7377421 is divided by 140.
121
What is the remainder when 143528 is divided by 1633?
1457
Calculate the remainder when 8053272 is divided by 20133.
72
Calculate the remainder when 271077 is divided by 49.
9
What is the remainder when 678656686 is divided by 94?
92
Calculate the remainder when 892725 is divided by 2673.
2616
Calculate the remainder when 358389 is divided by 439.
165
What is the remainder when 130426780 is divided by 118?
82
What is the remainder when 784986 is divided by 87022?
1788
Calculate the remainder when 133192897 is divided by 4642.
4633
Calculate the remainder when 173895 is divided by 311.
46
Calculate the remainder when 4868992 is divided by 3013.
2997
What is the remainder when 328967 is divided by 25297?
106
Calculate the remainder when 20341004 is divided by 398843.
11
What is the remainder when 4283577 is divided by 4371?
4368
Calculate the remainder when 2882073 is divided by 411687.
264
What is the remainder when 1145400 is divided by 45815?
25
Calculate the remainder when 527339 is divided by 4708.
43
What is the remainder when 18695040 is divided by 46?
42
Calculate the remainder when 24363850 is divided by 748.
742
Calculate the remainder when 114469 is divided by 212.
201
What is the remainder when 4007850 is divided by 1157?
2
What is the remainder when 98856 is divided by 410?
46
Calculate the remainder when 686201 is divided by 170996.
2217
What is the remainder when 18237762 is divided by 24?
18
Calculate the remainder when 562607873 is divided by 18.
17
What is the remainder when 1692344 is divided by 343?
325
What is the remainder when 58393889 is divided by 45?
44
What is the remainder when 427460 is divided by 10176?
68
What is the remainder when 1018915953 is divided by 5026?
5025
Calculate the remainder when 33021 is divided by 1477.
527
What is the remainder when 9610213 is divided by 1040?
613
Calculate the remainder when 176378382 is divided by 2482.
16
Calculate the remainder when 131518 is divided by 64.
62
What is the remainder when 3850302 is divided by 1387?
1377
Calculate the remainder when 28958 is divided by 1261.
1216
Calculate the remainder when 23631668 is divided by 744.
740
What is the remainder when 2117219 is divided by 117615?
149
Calculate the remainder when 34658895 is divided by 2145.
2130
What is the remainder when 107496237 is divided by 60?
57
Calculate the remainder when 553489 is divided by 1612.
573
Calculate the remainder when 233655 is divided by 3197.
274
Calculate the remainder when 55969532 is divided by 237159.
8
Calculate the remainder when 1474986 is divided by 737480.
26
What is the remainder when 3466220 is divided by 1155405?
5
What is the remainder when 1721448 is divided by 1131?
66
Calculate the remainder when 33504 is divided by 4783.
23
What is the remainder when 1810601 is divided by 90513?
341
What is the remainder when 54035103 is divided by 75?
3
What is the remainder when 18979629 is divided by 21691?
4
What is the remainder when 76202388 is divided by 38101172?
44
Calculate the remainder when 1104817 is divided by 32494.
21
What is the remainder when 124295 is divided by 24195?
3320
What is the remainder when 12445 is divided by 5629?
1187
Calculate the remainder when 2370731 is divided by 19.
6
Calculate the remainder when 182556 is divided by 1560.
36
Calculate the remainder when 9997 is divided by 21.
1
What is the remainder when 3440088 is divided by 382209?
207
What is the remainder when 151570 is divided by 30149?
825
Calculate the remainder when 243146321 is divided by 167.
166
What is the remainder when 106044 is divided by 34744?
1812
What is the remainder when 1276800 is divided by 1166?
30
What is the remainder when 1063876 is divided by 699?
697
What is the remainder when 28327463 is divided by 1128?
1127
What is the remainder when 80474735 is divided by 7315884?
11
Calculate the remainder when 37897985 is divided by 3.
2
Calculate the remainder when 53637 is divided by 534.
237
Calculate the remainder when 804723 is divided by 1355.
1208
Calculate the remainder when 207536 is divided by 18840.
296
What is the remainder when 19222543 is divided by 163?
116
Calculate the remainder when 474703 is divided by 1074.
1069
Calculate the remainder when 35511 is divided by 10809.
3084
What is the remainder when 4556650 is divided by 162737?
14
Calculate the remainder when 40058593 is divided by 11990.
3
What is the remainder when 688064 is divided by 68?
40
What is the remainder when 27351 is divided by 4559?
4556
What is the remainder when 375673 is divided by 125095?
388
Calculate the remainder when 60659 is divided by 154.
137
Calculate the remainder when 93356 is divided by 92927.
429
Calculate the remainder when 770463 is divided by 2742.
2703
Calculate the remainder when 25243719 is divided by 294.
291
What is the remainder when 5581489 is divided by 1305?
4
Calculate the remainder when 4908495 is divided by 102259.
63
What is the remainder when 9862933 is divided by 107205?
73
What is the remainder when 1648709 is divided by 764?
761
What is the remainder when 5328927 is divided by 1295?
2
Calculate the remainder when 7396900 is divided by 4062.
4060
What is the remainder when 1526727 is divided by 760?
647
Calculate the remainder when 195966 is divided by 97608.
750
What is the remainder when 23419068 is divided by 1801466?
10
What is the remainder when 45368675 is divided by 12?
11
Calculate the remainder when 2473500 is divided by 19.
4
What is the remainder when 927290 is divided by 463367?
556
Calculate the remainder when 4111337 is divided by 2920.
2897
Calculate the remainder when 3384843 is divided by 141.
138
Calculate the remainder when 26949331 is divided by 669.
4
What is the remainder when 35950 is divided by 248?
238
What is the remainder when 20476463 is divided by 381?
380
What is the remainder when 1283185 is divided by 2820?
85
Calculate the remainder when 941995 is divided by 507.
496
Calculate the remainder when 38350 is divided by 5461.
123
What is the remainder when 1304385 is divided by 228?
225
Calculate the remainder when 2382591 is divided by 85089.
99
What is the remainder when 9988392 is divided by 1997650?
142
Calculate the remainder when 116339 is divided by 1005.
764
What is the remainder when 44215 is divided by 3375?
340
Calculate the remainder when 10076853 is divided by 293.
290
What is the remainder when 22083 is divided by 2975?
1258
What is the remainder when 7972029 is divided by 398601?
9
Calculate the remainder when 4520 is divided by 909.
884
What is the remainder when 4795519 is divided by 2243?
2228
Calculate the remainder when 7758 is divided by 2450.
408
Calculate the remainder when 26153013 is divided by 245.
243
Calculate the remainder when 707653 is divided by 582.
523
Calculate the remainder when 63955470 is divided by 21318479.
33
Calculate the remainder when 86954 is divided by 322.
14
Calculate the remainder when 29529 is divided by 29117.
412
What is the remainder when 179372185 is divided by 2198?
2197
What is the remainder when 126176509 is divided by 509?
499
What is the remainder when 3650316 is divided by 93596?
72
Calculate the remainder when 8619150 is divided by 21876.
6
Calculate the remainder when 1411152 is divided by 35276.
112
What is the remainder when 741240 is divided by 1370?
70
Calculate the remainder when 37026 is divided by 6045.
756
What is the remainder when 72840 is divided by 8768?
2696
What is the remainder when 1381696 is divided by 23822?
20
What is the remainder when 129495869 is divided by 257?
251
Calculate the remainder when 1303901 is divided 